{"id":5,"date":"2017-03-31T11:42:13","date_gmt":"2017-03-31T09:42:13","guid":{"rendered":"https:\/\/www.aipe.biz\/mondo-eps\/?page_id=5"},"modified":"2024-05-23T17:43:05","modified_gmt":"2024-05-23T15:43:05","slug":"home-mondo-eps","status":"publish","type":"page","link":"https:\/\/www.aipe.biz\/mondo-eps\/","title":{"rendered":"Home Mondo EPS"},"content":{"rendered":"\n<hr class=\"wp-block-separator has-text-color has-white-color has-alpha-channel-opacity has-white-background-color has-background\"\/>\n\n\n\n<div class=\"wp-container-5 wp-block-columns\">\n<div class=\"wp-container-1 wp-block-column\">\n<h3 style=\"font-size:24px\"><strong>Cos&#8217;\u00e8 l&#8217;EPS<\/strong><br><\/h3>\n\n\n\n<p style=\"font-size:19px\">L\u2019EPS (<strong>Polistirene Espanso Sinterizzato<\/strong>) \u00e8 un materiale rigido, di peso ridotto, composto da carbonio, idrogeno e per il 98% d\u2019aria.<\/p>\n\n\n\n<p style=\"font-size:19px\"><a href=\"https:\/\/www.aipe.biz\/mondo-eps\/polistirene\/che-cos-e\/\">leggi di pi\u00f9<\/a><\/p>\n<\/div>\n\n\n\n<div class=\"wp-container-2 wp-block-column\">\n<h1 style=\"font-size:24px\"><strong>L\u2019EPS nel mondo       dell&#8217;Edilizia<\/strong><\/h1>\n\n\n\n<p style=\"font-size:19px\">Il polistirene espanso sinterizzato (EPS) trova largo impiego in edilizia, nella progettazione di edifici nuovi e in quelli in fase di ristrutturazione, grazie alla sua straordinaria efficacia come materiale isolante.<\/p>\n\n\n\n<p style=\"font-size:19px\"><a href=\"https:\/\/www.aipe.biz\/mondo-eps\/polistirene\/applicazioni-in-edilizia\/\">leggi di pi\u00f9<\/a><\/p>\n<\/div>\n\n\n\n<div class=\"wp-container-3 wp-block-column\" style=\"flex-basis:5px\"><\/div>\n\n\n\n<div class=\"wp-container-4 wp-block-column\">\n<h3 style=\"font-size:24px\"><strong>L\u2019EPS nel mondo degli Imballaggi<\/strong><\/h3>\n\n\n\n<p style=\"font-size:19px\">La vasta gamma di propriet\u00e0 fisiche e la particolare adattabilit\u00e0 alle esigenze e forme pi\u00f9 diverse fanno dell&#8217;EPS il materiale d&#8217;imballaggio ottimale per contenere, conservare e proteggere svariati prodotti.<\/p>\n\n\n\n<p style=\"font-size:19px\"><a href=\"https:\/\/www.aipe.biz\/mondo-eps\/polistirene\/applicazioni-imballaggi\/\">leggi di pi\u00f9<\/a><\/p>\n<\/div>\n<\/div>\n","protected":false},"excerpt":{"rendered":"<p>Cos&#8217;\u00e8 l&#8217;EPS<\/p>\n<p style=\"font-size:19px\">L\u2019EPS (Polistirene Espanso Sinterizzato) \u00e8 un materiale rigido, di peso ridotto, composto da carbonio, idrogeno e per il 98% d\u2019aria.<\/p>\n<p style=\"font-size:19px\"><a href=\"https:\/\/www.aipe.biz\/mondo-eps\/polistirene\/che-cos-e\/\">leggi di pi\u00f9<\/a><\/p>\n<p>L\u2019EPS nel mondo       dell&#8217;Edilizia<\/p>\n<p style=\"font-size:19px\">Il polistirene espanso sinterizzato (EPS) trova largo impiego in edilizia, nella progettazione di edifici nuovi e in quelli in fase di ristrutturazione,<\/p>\n<p> <a href=\"https:\/\/www.aipe.biz\/mondo-eps\/\">Leggi tutto<\/a><\/p>\n","protected":false},"author":1,"featured_media":0,"parent":0,"menu_order":0,"comment_status":"closed","ping_status":"closed","template":"page-template\/home-mondo.php","meta":[],"acf":[],"yoast_head":"<!-- This site is optimized with the Yoast SEO plugin v19.7.1 - https:\/\/yoast.com\/wordpress\/plugins\/seo\/ -->\n<title>Mondo EPS - Il miglior cappotto termico<\/title>\n<meta name=\"description\" content=\"L&#039;EPS \u00e8 il miglior materiale per realizzare il cappotto termico, l&#039;isolamento termico interno, gli imballaggi protettivi e il miglior isolante acustico.\" \/>\n<meta name=\"robots\" content=\"index, follow, max-snippet:-1, max-image-preview:large, max-video-preview:-1\" \/>\n<link rel=\"canonical\" href=\"https:\/\/www.aipe.biz\/mondo-eps\/\" \/>\n<meta property=\"og:locale\" content=\"it_IT\" \/>\n<meta property=\"og:type\" content=\"article\" \/>\n<meta property=\"og:title\" content=\"Mondo EPS - Il miglior cappotto termico\" \/>\n<meta property=\"og:description\" content=\"L&#039;EPS \u00e8 il miglior materiale per realizzare il cappotto termico, l&#039;isolamento termico interno, gli imballaggi protettivi e il miglior isolante acustico.\" \/>\n<meta property=\"og:url\" content=\"https:\/\/www.aipe.biz\/mondo-eps\/\" \/>\n<meta property=\"og:site_name\" content=\"Il Mondo dell&#039;EPS\" \/>\n<meta property=\"article:modified_time\" content=\"2024-05-23T15:43:05+00:00\" \/>\n<meta name=\"twitter:card\" content=\"summary\" \/>\n<meta name=\"twitter:label1\" content=\"Tempo di lettura stimato\" \/>\n\t<meta name=\"twitter:data1\" content=\"1 minuto\" \/>\n<script type=\"application\/ld+json\" class=\"yoast-schema-graph\">{\"@context\":\"https:\/\/schema.org\",\"@graph\":[{\"@type\":\"WebPage\",\"@id\":\"https:\/\/www.aipe.biz\/mondo-eps\/\",\"url\":\"https:\/\/www.aipe.biz\/mondo-eps\/\",\"name\":\"Mondo EPS - Il miglior cappotto termico\",\"isPartOf\":{\"@id\":\"https:\/\/www.aipe.biz\/mondo-eps\/#website\"},\"datePublished\":\"2017-03-31T09:42:13+00:00\",\"dateModified\":\"2024-05-23T15:43:05+00:00\",\"description\":\"L'EPS \u00e8 il miglior materiale per realizzare il cappotto termico, l'isolamento termico interno, gli imballaggi protettivi e il miglior isolante acustico.\",\"breadcrumb\":{\"@id\":\"https:\/\/www.aipe.biz\/mondo-eps\/#breadcrumb\"},\"inLanguage\":\"it-IT\",\"potentialAction\":[{\"@type\":\"ReadAction\",\"target\":[\"https:\/\/www.aipe.biz\/mondo-eps\/\"]}]},{\"@type\":\"BreadcrumbList\",\"@id\":\"https:\/\/www.aipe.biz\/mondo-eps\/#breadcrumb\",\"itemListElement\":[{\"@type\":\"ListItem\",\"position\":1,\"name\":\"Home\",\"item\":\"https:\/\/www.aipe.biz\/mondo-eps\/\"},{\"@type\":\"ListItem\",\"position\":2,\"name\":\"Home Mondo EPS\"}]},{\"@type\":\"WebSite\",\"@id\":\"https:\/\/www.aipe.biz\/mondo-eps\/#website\",\"url\":\"https:\/\/www.aipe.biz\/mondo-eps\/\",\"name\":\"Il Mondo dell&#039;EPS\",\"description\":\"\",\"publisher\":{\"@id\":\"https:\/\/www.aipe.biz\/mondo-eps\/#organization\"},\"potentialAction\":[{\"@type\":\"SearchAction\",\"target\":{\"@type\":\"EntryPoint\",\"urlTemplate\":\"https:\/\/www.aipe.biz\/mondo-eps\/?s={search_term_string}\"},\"query-input\":\"required name=search_term_string\"}],\"inLanguage\":\"it-IT\"},{\"@type\":\"Organization\",\"@id\":\"https:\/\/www.aipe.biz\/mondo-eps\/#organization\",\"name\":\"Aipe Associazione Italiana Polistirene Espanso\",\"url\":\"https:\/\/www.aipe.biz\/mondo-eps\/\",\"sameAs\":[],\"logo\":{\"@type\":\"ImageObject\",\"inLanguage\":\"it-IT\",\"@id\":\"https:\/\/www.aipe.biz\/mondo-eps\/#\/schema\/logo\/image\/\",\"url\":\"https:\/\/www.aipe.biz\/mondo-eps\/wp-content\/uploads\/sites\/2\/2022\/06\/cropped-cropped-AIPE_logo02.png\",\"contentUrl\":\"https:\/\/www.aipe.biz\/mondo-eps\/wp-content\/uploads\/sites\/2\/2022\/06\/cropped-cropped-AIPE_logo02.png\",\"width\":743,\"height\":250,\"caption\":\"Aipe Associazione Italiana Polistirene Espanso\"},\"image\":{\"@id\":\"https:\/\/www.aipe.biz\/mondo-eps\/#\/schema\/logo\/image\/\"}}]}<\/script>\n<!-- \/ Yoast SEO plugin. -->","yoast_head_json":{"title":"Mondo EPS - Il miglior cappotto termico","description":"L'EPS \u00e8 il miglior materiale per realizzare il cappotto termico, l'isolamento termico interno, gli imballaggi protettivi e il miglior isolante acustico.","robots":{"index":"index","follow":"follow","max-snippet":"max-snippet:-1","max-image-preview":"max-image-preview:large","max-video-preview":"max-video-preview:-1"},"canonical":"https:\/\/www.aipe.biz\/mondo-eps\/","og_locale":"it_IT","og_type":"article","og_title":"Mondo EPS - Il miglior cappotto termico","og_description":"L'EPS \u00e8 il miglior materiale per realizzare il cappotto termico, l'isolamento termico interno, gli imballaggi protettivi e il miglior isolante acustico.","og_url":"https:\/\/www.aipe.biz\/mondo-eps\/","og_site_name":"Il Mondo dell&#039;EPS","article_modified_time":"2024-05-23T15:43:05+00:00","twitter_card":"summary","twitter_misc":{"Tempo di lettura stimato":"1 minuto"},"schema":{"@context":"https:\/\/schema.org","@graph":[{"@type":"WebPage","@id":"https:\/\/www.aipe.biz\/mondo-eps\/","url":"https:\/\/www.aipe.biz\/mondo-eps\/","name":"Mondo EPS - Il miglior cappotto termico","isPartOf":{"@id":"https:\/\/www.aipe.biz\/mondo-eps\/#website"},"datePublished":"2017-03-31T09:42:13+00:00","dateModified":"2024-05-23T15:43:05+00:00","description":"L'EPS \u00e8 il miglior materiale per realizzare il cappotto termico, l'isolamento termico interno, gli imballaggi protettivi e il miglior isolante acustico.","breadcrumb":{"@id":"https:\/\/www.aipe.biz\/mondo-eps\/#breadcrumb"},"inLanguage":"it-IT","potentialAction":[{"@type":"ReadAction","target":["https:\/\/www.aipe.biz\/mondo-eps\/"]}]},{"@type":"BreadcrumbList","@id":"https:\/\/www.aipe.biz\/mondo-eps\/#breadcrumb","itemListElement":[{"@type":"ListItem","position":1,"name":"Home","item":"https:\/\/www.aipe.biz\/mondo-eps\/"},{"@type":"ListItem","position":2,"name":"Home Mondo EPS"}]},{"@type":"WebSite","@id":"https:\/\/www.aipe.biz\/mondo-eps\/#website","url":"https:\/\/www.aipe.biz\/mondo-eps\/","name":"Il Mondo dell&#039;EPS","description":"","publisher":{"@id":"https:\/\/www.aipe.biz\/mondo-eps\/#organization"},"potentialAction":[{"@type":"SearchAction","target":{"@type":"EntryPoint","urlTemplate":"https:\/\/www.aipe.biz\/mondo-eps\/?s={search_term_string}"},"query-input":"required name=search_term_string"}],"inLanguage":"it-IT"},{"@type":"Organization","@id":"https:\/\/www.aipe.biz\/mondo-eps\/#organization","name":"Aipe Associazione Italiana Polistirene Espanso","url":"https:\/\/www.aipe.biz\/mondo-eps\/","sameAs":[],"logo":{"@type":"ImageObject","inLanguage":"it-IT","@id":"https:\/\/www.aipe.biz\/mondo-eps\/#\/schema\/logo\/image\/","url":"https:\/\/www.aipe.biz\/mondo-eps\/wp-content\/uploads\/sites\/2\/2022\/06\/cropped-cropped-AIPE_logo02.png","contentUrl":"https:\/\/www.aipe.biz\/mondo-eps\/wp-content\/uploads\/sites\/2\/2022\/06\/cropped-cropped-AIPE_logo02.png","width":743,"height":250,"caption":"Aipe Associazione Italiana Polistirene Espanso"},"image":{"@id":"https:\/\/www.aipe.biz\/mondo-eps\/#\/schema\/logo\/image\/"}}]}},"_links":{"self":[{"href":"https:\/\/www.aipe.biz\/mondo-eps\/wp-json\/wp\/v2\/pages\/5"}],"collection":[{"href":"https:\/\/www.aipe.biz\/mondo-eps\/wp-json\/wp\/v2\/pages"}],"about":[{"href":"https:\/\/www.aipe.biz\/mondo-eps\/wp-json\/wp\/v2\/types\/page"}],"author":[{"embeddable":true,"href":"https:\/\/www.aipe.biz\/mondo-eps\/wp-json\/wp\/v2\/users\/1"}],"replies":[{"embeddable":true,"href":"https:\/\/www.aipe.biz\/mondo-eps\/wp-json\/wp\/v2\/comments?post=5"}],"version-history":[{"count":77,"href":"https:\/\/www.aipe.biz\/mondo-eps\/wp-json\/wp\/v2\/pages\/5\/revisions"}],"predecessor-version":[{"id":5691,"href":"https:\/\/www.aipe.biz\/mondo-eps\/wp-json\/wp\/v2\/pages\/5\/revisions\/5691"}],"wp:attachment":[{"href":"https:\/\/www.aipe.biz\/mondo-eps\/wp-json\/wp\/v2\/media?parent=5"}],"curies":[{"name":"wp","href":"https:\/\/api.w.org\/{rel}","templated":true}]}}